ors of 1482098798?
2, 741049399
List the prime factors of 4808572800.
2, 3, 5, 257, 1949
List the prime factors of 58981630.
2, 5, 5898163
List the prime factors of 79036406.
2, 107, 227, 1627
List the prime factors of 71533112.
2, 7, 149, 8573
What are the prime factors of 2746425781?
11, 43, 5806397
List the prime factors of 20092158.
2, 3, 19, 19583
List the prime factors of 566341429.
2297, 246557
What are the prime factors of 398972997?
3, 577, 76829
What are the prime factors of 501383091?
3, 11, 17, 103, 8677
List the prime factors of 94547906.
2, 6491, 7283
List the prime factors of 10707717.
3, 101, 35339
List the prime factors of 131281515.
3, 5, 83, 35149
What are the prime factors of 1379922436?
2, 17, 257, 281
List the prime factors of 62647079.
11, 79, 72091
What are the prime factors of 396464202?
2, 3, 23, 957643
List the prime factors of 86702336.
2, 7, 48383
What are the prime factors of 174097331?
3391, 51341
List the prime factors of 162321765.
3, 5, 1483, 7297
What are the prime factors of 421990547?
11, 38362777
What are the prime factors of 921145010?
2, 5, 47, 1959883
List the prime factors of 486355437.
3, 54039493
What are the prime factors of 199617262?
2, 13, 7677587
What are the prime factors of 486512456?
2, 5441, 11177
List the prime factors of 558302312.
2, 31, 251, 8969
What are the prime factors of 828552907?
7, 13, 1300711
List the prime factors of 758009264.
2, 47375579
What are the prime factors of 2136800615?
5, 157, 367, 7417
List the prime factors of 2908772063.
17, 171104239
What are the prime factors of 227477160?
2, 3, 5, 29, 269
List the prime factors of 1182431674.
2, 19, 29, 56473
List the prime factors of 717658730.
2, 5, 643, 111611
What are the prime factors of 47339625?
3, 5, 41, 3079
List the prime factors of 2685752428.
2, 671438107
List the prime factors of 122546286.
2, 3, 29, 31, 7573
What are the prime factors of 406749624?
2, 3, 101, 167801
List the prime factors of 297117644.
2, 29, 47, 54497
What are the prime factors of 4059547346?
2, 2029773673
List the prime factors of 429966090.
2, 3, 5, 101, 15767
What are the prime factors of 446261736?
2, 3, 37, 197, 2551
List the prime factors of 132473595.
3, 5, 29, 304537
What are the prime factors of 1272824?
2, 7, 17, 191
List the prime factors of 304038235.
5, 31, 1961537
What are the prime factors of 237780134?
2, 6047, 19661
List the prime factors of 348433917.
3, 13, 83, 107641
What are the prime factors of 25099050?
2, 3, 5, 149, 1123
List the prime factors of 3669073512.
2, 3, 13, 661, 17791
List the prime factors of 2197979078.
2, 29, 37896191
What are the prime factors of 237950423?
29, 8205187
List the prime factors of 87815984.
2, 347, 15817
What are the prime factors of 92031285?
3, 5, 17, 360907
What are the prime factors of 53578402?
2, 47, 569983
What are the prime factors of 201380983?
59, 1061, 3217
List the prime factors of 5696340256.
2, 178010633
What are the prime factors of 15044618?
2, 19, 523, 757
What are the prime factors of 16700211?
3, 11, 43, 3923
What are the prime factors of 373471065?
3, 5, 11, 67, 11261
List the prime factors of 243534767.
7, 1223, 28447
List the prime factors of 879318553.
879318553
What are the prime factors of 562252928?
2, 29, 167, 907
What are the prime factors of 24441450?
2, 3, 5, 11, 14813
What are the prime factors of 17636290?
2, 5, 7, 251947
What are the prime factors of 94175707?
127, 741541
List the prime factors of 682964837.
53, 12886129
What are the prime factors of 34015762?
2, 11, 367, 383
List the prime factors of 16942620.
2, 3, 5, 282377
List the prime factors of 25267571.
7, 547, 6599
What are the prime factors of 6913463?
103, 67121
List the prime factors of 2194838893.
13, 168833761
List the prime factors of 82169305.
5, 16433861
List the prime factors of 61340897.
383, 160159
List the prime factors of 4095570764.
2, 19, 53889089
List the prime factors of 881077671.
3, 19, 53, 67, 1451
What are the prime factors of 1055104773?
3, 16553, 21247
What are the prime factors of 401580886?
2, 7, 28684349
List the prime factors of 147762119.
7643, 19333
What are the prime factors of 313823923?
7, 373, 120193
List the prime factors of 109930214.
2, 907, 60601
What are the prime factors of 433466967?
3, 1627, 88807
What are the prime factors of 124151110?
2, 5, 193, 64327
What are the prime factors of 40744195?
5, 8148839
What are the prime factors of 411203967?
3, 137067989
List the prime factors of 1397829221.
19, 137, 537007
List the prime factors of 597633132.
2, 3, 929, 53609
What are the prime factors of 1036719989?
1036719989
List the prime factors of 784185600.
2, 3, 5, 11, 47, 79
What are the prime factors of 7480423?
353, 21191
List the prime factors of 132084908.
2, 29, 307, 3709
What are the prime factors of 1301307704?
2, 17, 9568439
What are the prime factors of 50358767?
5419, 9293
List the prime factors of 341024281.
13, 229, 114553
List the prime factors of 1733171845.
5, 17, 193, 105649
What are the prime factors of 1236059256?
2, 3, 17, 709, 4273
List the prime factors of 266590083.
3, 19, 4677019
What are the prime factors of 1376719779?
3, 458906593
List the prime factors of 500462877.
3, 173, 964283
What are the prime factors of 19958923?
41, 43, 11321
List the prime factors of 1343332825.
5, 23, 101, 23131
What are the prime factors of 3114437836?
2, 73, 733, 14551
List the prime factors of 40725296.
2, 701, 3631
List the prime factors of 366116247.
3, 7, 1937123
What are the prime factors of 368674414?
2, 184337207
List the prime factors of 248848506.
2, 3, 13824917
List the prime factors of 119578686.
2, 3, 19929781
List the prime factors of 191219325.
3, 5, 11, 19, 1109
List the prime factors of 12715656.
2, 3, 529819
What are the prime factors of 552855065?
5, 7, 19, 831361
List the prime factors of 2061858382.
2, 1030929191
What are the prime factors of 8740874?
2, 19, 23, 73, 137
What are the prime factors of 200122054?
2, 11, 73, 353
List the prime factors of 911227870.
2, 5, 7, 41, 79, 4019
List the prime factors of 1933753376.
2, 719, 84047
What are the prime factors of 44042726?
2, 7, 13, 241993
What are the prime factors of 3192690932?
2, 798172733
What are the prime factors of 19317165?
3, 5, 7, 183973
What are the prime factors of 79327467?
3, 8814163
What are the prime factors of 131905494?
2, 3, 7, 233, 4493
What are the prime factors of 42271676?
2, 29, 364411
List the prime factors of 44749733.
7, 6392819
What are the prime factors of 393992323?
17, 23, 193, 227
List the prime factors of 1206083057.
1206083057
List the prime factors of 3698525000.
2, 5, 239, 619
What are the prime factors of 180673542?
2, 3, 7, 641, 2237
What are the prime factors of 3961417541?
3961417541
List the prime factors of 7108196.
2, 23, 77263
What are the prime factors of 311275794?
2, 3, 51879299
List the prime factors of 4320054819.
3, 480006091
List the prime factors of 701999159.
89, 7887631
What are the prime factors of 3916844414?
2, 7, 19, 14724979
List the prime factors of 180179681.
11, 2551, 6421
List the prime factors of 1845494698.
2, 107, 8623807
What are the prime factors of 616916471?
149, 4140379
What are the prime factors of 178665037?
19, 494917
What are the prime factors of 54952791?
3, 2113, 8669
List the prime factors of 38459104.
2, 29, 41443
What are the prime factors of 633644213?
17, 37273189
What are the prime factors of 5646793977?
3, 11, 19, 257, 11681
List the prime factors of 68920808.
2, 11, 783191
List the prime factors of 62594766.
2, 3, 13, 31, 8629
What are the prime factors of 613854546?
2, 3, 19, 659, 8171
List the prime factors of 152204479.
7, 21743497
What are the prime factors of 1518855376?
2, 2437, 38953
List the prime factors of 385351066.
2, 59, 431, 7577
List the prime factors of 9979445.
5, 7, 239, 1193
List the prime factors of 1279333879.
22283, 57413
List the prime factors of 195469267.
7, 27924181
What are the prime factors of 444856081?
47, 67, 141269
What are the prime factors of 300047588?
2, 8629, 8693
List the prime factors of 240245624.
2, 30030703
List the prime factors of 1302125010.
2, 3, 5, 43404167
List the prime factors of 1226665561.
11, 6547, 17033
List the prime factors of 1860946515.
3, 5, 7